{"id":6242,"date":"2023-12-23T02:53:05","date_gmt":"2023-12-23T02:53:05","guid":{"rendered":"https:\/\/nasradiomm.com\/?page_id=6242"},"modified":"2023-12-23T21:17:17","modified_gmt":"2023-12-23T21:17:17","slug":"kontakt","status":"publish","type":"page","link":"https:\/\/nasradiomm.com\/index.php\/kontakt\/","title":{"rendered":"Kontakt"},"content":{"rendered":"\t\t<div data-elementor-type=\"wp-page\" data-elementor-id=\"6242\" class=\"elementor elementor-6242\">\n\t\t\t\t\t\t<section class=\"elementor-section elementor-top-section elementor-element elementor-element-12c2c39b elementor-section-stretched elementor-section-full_width elementor-section-height-min-height elementor-section-height-default elementor-section-items-middle\" data-id=\"12c2c39b\" data-element_type=\"section\" data-settings=\"{&quot;stretch_section&quot;:&quot;section-stretched&quot;,&quot;background_background&quot;:&quot;classic&quot;}\">\n\t\t\t\t\t\t\t<div class=\"elementor-background-overlay\"><\/div>\n\t\t\t\t\t\t\t<div class=\"elementor-container elementor-column-gap-default\">\n\t\t\t\t\t<div class=\"elementor-column elementor-col-100 elementor-top-column elementor-element elementor-element-7427819c\" data-id=\"7427819c\" data-element_type=\"column\" data-settings=\"{&quot;background_background&quot;:&quot;classic&quot;}\">\n\t\t\t<div class=\"elementor-widget-wrap elementor-element-populated\">\n\t\t\t\t\t\t<div class=\"elementor-element elementor-element-2c76cd9 elementor-widget elementor-widget-proradio-elementor-qt-caption\" data-id=\"2c76cd9\" data-element_type=\"widget\" data-widget_type=\"proradio-elementor-qt-caption.default\">\n\t\t\t\t<div class=\"elementor-widget-container\">\n\t\t\t\t\t\t\t<div>\n\t\t\t<h3  class=\"proradio-element-caption proradio-caption  proradio-caption__l center proradio-center proradio-caption__c  \" data-qtwaypoints-offset=\"30\" data-qtwaypoints>\t\t\t\t<span>NA\u0160 RADIO 107.8<\/span>\n\t\t\t\t<\/h3>\t\t<\/div>\n\t\t\t\t\t\t<\/div>\n\t\t\t\t<\/div>\n\t\t\t\t<div class=\"elementor-element elementor-element-116e877c elementor-widget elementor-widget-heading\" data-id=\"116e877c\" data-element_type=\"widget\" data-widget_type=\"heading.default\">\n\t\t\t\t<div class=\"elementor-widget-container\">\n\t\t\t\t\t<h1 class=\"elementor-heading-title elementor-size-default\">KONTAKT<\/h1>\t\t\t\t<\/div>\n\t\t\t\t<\/div>\n\t\t\t\t\t<\/div>\n\t\t<\/div>\n\t\t\t\t\t<\/div>\n\t\t<\/section>\n\t\t\t\t<section class=\"elementor-section elementor-top-section elementor-element elementor-element-53fd685 elementor-section-stretched elementor-section-boxed elementor-section-height-default elementor-section-height-default\" data-id=\"53fd685\" data-element_type=\"section\" data-settings=\"{&quot;stretch_section&quot;:&quot;section-stretched&quot;,&quot;background_background&quot;:&quot;classic&quot;}\">\n\t\t\t\t\t\t<div class=\"elementor-container elementor-column-gap-wider\">\n\t\t\t\t\t<div class=\"elementor-column elementor-col-100 elementor-top-column elementor-element elementor-element-9ed5d31\" data-id=\"9ed5d31\" data-element_type=\"column\">\n\t\t\t<div class=\"elementor-widget-wrap elementor-element-populated\">\n\t\t\t\t\t\t<div class=\"elementor-element elementor-element-7df0687f elementor-hidden-mobile elementor-widget elementor-widget-proradio-elementor-qt-caption\" data-id=\"7df0687f\" data-element_type=\"widget\" data-widget_type=\"proradio-elementor-qt-caption.default\">\n\t\t\t\t<div class=\"elementor-widget-container\">\n\t\t\t\t\t\t\t<div>\n\t\t\t<h3  class=\"proradio-element-caption proradio-caption  proradio-caption__s  \" data-qtwaypoints-offset=\"30\" data-qtwaypoints>\t\t\t\t<span>za sva va\u0161a pitanja i sugestije<\/span>\n\t\t\t\t<\/h3>\t\t<\/div>\n\t\t\t\t\t\t<\/div>\n\t\t\t\t<\/div>\n\t\t\t\t<div class=\"elementor-element elementor-element-3c9ee17f elementor-widget elementor-widget-heading\" data-id=\"3c9ee17f\" data-element_type=\"widget\" data-widget_type=\"heading.default\">\n\t\t\t\t<div class=\"elementor-widget-container\">\n\t\t\t\t\t<h2 class=\"elementor-heading-title elementor-size-default\">KONTAKTIRAJTE NAS<\/h2>\t\t\t\t<\/div>\n\t\t\t\t<\/div>\n\t\t\t\t<div class=\"elementor-element elementor-element-5b52cbbe elementor-widget elementor-widget-text-editor\" data-id=\"5b52cbbe\" data-element_type=\"widget\" data-widget_type=\"text-editor.default\">\n\t\t\t\t<div class=\"elementor-widget-container\">\n\t\t\t\t\t\t\t\t\t<p>Otvoreni smo za sva va\u0161a pitanja, sugestije i saradnju. Budite slobodni, kontaktirajte nas.<\/p><p><em>Na\u0161 Radio 107,8<\/em><\/p>\t\t\t\t\t\t\t\t<\/div>\n\t\t\t\t<\/div>\n\t\t\t\t<section class=\"elementor-section elementor-inner-section elementor-element elementor-element-b08f434 elementor-hidden-mobile elementor-section-boxed elementor-section-height-default elementor-section-height-default\" data-id=\"b08f434\" data-element_type=\"section\">\n\t\t\t\t\t\t<div class=\"elementor-container elementor-column-gap-default\">\n\t\t\t\t\t<div class=\"elementor-column elementor-col-25 elementor-inner-column elementor-element elementor-element-5ae19844\" data-id=\"5ae19844\" data-element_type=\"column\">\n\t\t\t<div class=\"elementor-widget-wrap elementor-element-populated\">\n\t\t\t\t\t\t<div class=\"elementor-element elementor-element-4eb3543c elementor-icon-list--layout-traditional elementor-list-item-link-full_width elementor-widget elementor-widget-icon-list\" data-id=\"4eb3543c\" data-element_type=\"widget\" data-widget_type=\"icon-list.default\">\n\t\t\t\t<div class=\"elementor-widget-container\">\n\t\t\t\t\t\t\t<ul class=\"elementor-icon-list-items\">\n\t\t\t\t\t\t\t<li class=\"elementor-icon-list-item\">\n\t\t\t\t\t\t\t\t\t\t\t<span class=\"elementor-icon-list-icon\">\n\t\t\t\t\t\t\t<i aria-hidden=\"true\" class=\"fas fa-phone-alt\"><\/i>\t\t\t\t\t\t<\/span>\n\t\t\t\t\t\t\t\t\t\t<span class=\"elementor-icon-list-text\">Studio:<a href=\"tel:+381216211578\">+38121 6211578<span style=\"font-size: inherit;letter-spacing: 0em\"><\/span><\/a><\/span>\n\t\t\t\t\t\t\t\t\t<\/li>\n\t\t\t\t\t\t<\/ul>\n\t\t\t\t\t\t<\/div>\n\t\t\t\t<\/div>\n\t\t\t\t\t<\/div>\n\t\t<\/div>\n\t\t\t\t<div class=\"elementor-column elementor-col-25 elementor-inner-column elementor-element elementor-element-8857cdf\" data-id=\"8857cdf\" data-element_type=\"column\">\n\t\t\t<div class=\"elementor-widget-wrap elementor-element-populated\">\n\t\t\t\t\t\t<div class=\"elementor-element elementor-element-ff46831 elementor-icon-list--layout-traditional elementor-list-item-link-full_width elementor-widget elementor-widget-icon-list\" data-id=\"ff46831\" data-element_type=\"widget\" data-widget_type=\"icon-list.default\">\n\t\t\t\t<div class=\"elementor-widget-container\">\n\t\t\t\t\t\t\t<ul class=\"elementor-icon-list-items\">\n\t\t\t\t\t\t\t<li class=\"elementor-icon-list-item\">\n\t\t\t\t\t\t\t\t\t\t\t<span class=\"elementor-icon-list-icon\">\n\t\t\t\t\t\t\t<i aria-hidden=\"true\" class=\"fas fa-phone-alt\"><\/i>\t\t\t\t\t\t<\/span>\n\t\t\t\t\t\t\t\t\t\t<span class=\"elementor-icon-list-text\">Marketing: <a href=\"tel:+38163537000\">+38163 537 000<span style=\"font-size: inherit;letter-spacing: 0em\"><\/span><\/a><\/span>\n\t\t\t\t\t\t\t\t\t<\/li>\n\t\t\t\t\t\t<\/ul>\n\t\t\t\t\t\t<\/div>\n\t\t\t\t<\/div>\n\t\t\t\t\t<\/div>\n\t\t<\/div>\n\t\t\t\t<div class=\"elementor-column elementor-col-25 elementor-inner-column elementor-element elementor-element-5dc1016d\" data-id=\"5dc1016d\" data-element_type=\"column\">\n\t\t\t<div class=\"elementor-widget-wrap elementor-element-populated\">\n\t\t\t\t\t\t<div class=\"elementor-element elementor-element-7105ed73 elementor-icon-list--layout-traditional elementor-list-item-link-full_width elementor-widget elementor-widget-icon-list\" data-id=\"7105ed73\" data-element_type=\"widget\" data-widget_type=\"icon-list.default\">\n\t\t\t\t<div class=\"elementor-widget-container\">\n\t\t\t\t\t\t\t<ul class=\"elementor-icon-list-items\">\n\t\t\t\t\t\t\t<li class=\"elementor-icon-list-item\">\n\t\t\t\t\t\t\t\t\t\t\t<span class=\"elementor-icon-list-icon\">\n\t\t\t\t\t\t\t<i aria-hidden=\"true\" class=\"far fa-envelope\"><\/i>\t\t\t\t\t\t<\/span>\n\t\t\t\t\t\t\t\t\t\t<span class=\"elementor-icon-list-text\">Po\u0161aljite nam email:<\/br><a href=\"mailto:marketing@radiojugovic.rs?cc= marketing@radiojugovic.rs&amp;bcc= marketing@radiojugovic.rs&amp;subject=Summer%20Party&amp;body=You%20are%20invited%20to%20a%20big%20summer%20party!\" target=\"_top\"> marketing@radiojugovic.rs<\/a><\/span>\n\t\t\t\t\t\t\t\t\t<\/li>\n\t\t\t\t\t\t<\/ul>\n\t\t\t\t\t\t<\/div>\n\t\t\t\t<\/div>\n\t\t\t\t\t<\/div>\n\t\t<\/div>\n\t\t\t\t<div class=\"elementor-column elementor-col-25 elementor-inner-column elementor-element elementor-element-4032dc5a\" data-id=\"4032dc5a\" data-element_type=\"column\">\n\t\t\t<div class=\"elementor-widget-wrap elementor-element-populated\">\n\t\t\t\t\t\t<div class=\"elementor-element elementor-element-2a57650e elementor-icon-list--layout-traditional elementor-list-item-link-full_width elementor-widget elementor-widget-icon-list\" data-id=\"2a57650e\" data-element_type=\"widget\" data-widget_type=\"icon-list.default\">\n\t\t\t\t<div class=\"elementor-widget-container\">\n\t\t\t\t\t\t\t<ul class=\"elementor-icon-list-items\">\n\t\t\t\t\t\t\t<li class=\"elementor-icon-list-item\">\n\t\t\t\t\t\t\t\t\t\t\t<span class=\"elementor-icon-list-icon\">\n\t\t\t\t\t\t\t<i aria-hidden=\"true\" class=\"fas fa-map-pin\"><\/i>\t\t\t\t\t\t<\/span>\n\t\t\t\t\t\t\t\t\t\t<span class=\"elementor-icon-list-text\">Posetite nas: Bulevar Oslobo\u0111enja 11, Novi Sad<\/span>\n\t\t\t\t\t\t\t\t\t<\/li>\n\t\t\t\t\t\t<\/ul>\n\t\t\t\t\t\t<\/div>\n\t\t\t\t<\/div>\n\t\t\t\t\t<\/div>\n\t\t<\/div>\n\t\t\t\t\t<\/div>\n\t\t<\/section>\n\t\t\t\t<div class=\"elementor-element elementor-element-286b8a4a elementor-hidden-desktop elementor-hidden-tablet elementor-widget elementor-widget-text-editor\" data-id=\"286b8a4a\" data-element_type=\"widget\" data-widget_type=\"text-editor.default\">\n\t\t\t\t<div class=\"elementor-widget-container\">\n\t\t\t\t\t\t\t\t\tStudio:<a href=\"tel:+381216211578\">+38121 6211578<\/a> <\/br>\nMarketing: <a href=\"tel:+38163537000\">+38163 537 000<\/a><\/br>\nPo\u0161aljite nam email:<a href=\"mailto: marketing@radiojugovic.rs?cc= marketing@radiojugovic.rs&amp;bcc= marketing@radiojugovic.rs&amp;subject=Summer%20Party&amp;body=You%20are%20invited%20to%20a%20big%20summer%20party!\" target=\"_top\"> marketing@radiojugovic.rs<\/a><\/br>\nPosetite nas: Bulevar Oslobo\u0111enja 11, Novi Sad\t\t\t\t\t\t\t\t<\/div>\n\t\t\t\t<\/div>\n\t\t\t\t\t<\/div>\n\t\t<\/div>\n\t\t\t\t\t<\/div>\n\t\t<\/section>\n\t\t\t\t<section class=\"elementor-section elementor-top-section elementor-element elementor-element-197aed3f elementor-section-stretched elementor-section-full_width map elementor-section-height-default elementor-section-height-default\" data-id=\"197aed3f\" data-element_type=\"section\" id=\"map\" data-settings=\"{&quot;stretch_section&quot;:&quot;section-stretched&quot;}\">\n\t\t\t\t\t\t<div class=\"elementor-container elementor-column-gap-default\">\n\t\t\t\t\t<div class=\"elementor-column elementor-col-100 elementor-top-column elementor-element elementor-element-290cfc77\" data-id=\"290cfc77\" data-element_type=\"column\">\n\t\t\t<div class=\"elementor-widget-wrap elementor-element-populated\">\n\t\t\t\t\t\t<div class=\"elementor-element elementor-element-108461c1 elementor-widget elementor-widget-google_maps\" data-id=\"108461c1\" data-element_type=\"widget\" data-widget_type=\"google_maps.default\">\n\t\t\t\t<div class=\"elementor-widget-container\">\n\t\t\t\t\t\t\t<div class=\"elementor-custom-embed\">\n\t\t\t<iframe loading=\"lazy\"\n\t\t\t\t\tsrc=\"https:\/\/maps.google.com\/maps?q=%D0%91%D1%83%D0%BB%D0%B5%D0%B2%D0%B0%D1%80%20%D0%BE%D1%81%D0%BB%D0%BE%D0%B1%D0%BE%D1%92%D0%B5%D1%9A%D0%B0%2011%2C%20%D0%9D%D0%BE%D0%B2%D0%B8%20%D0%A1%D0%B0%D0%B4%2021000&#038;t=m&#038;z=14&#038;output=embed&#038;iwloc=near\"\n\t\t\t\t\ttitle=\"\u0411\u0443\u043b\u0435\u0432\u0430\u0440 \u043e\u0441\u043b\u043e\u0431\u043e\u0452\u0435\u045a\u0430 11, \u041d\u043e\u0432\u0438 \u0421\u0430\u0434 21000\"\n\t\t\t\t\taria-label=\"\u0411\u0443\u043b\u0435\u0432\u0430\u0440 \u043e\u0441\u043b\u043e\u0431\u043e\u0452\u0435\u045a\u0430 11, \u041d\u043e\u0432\u0438 \u0421\u0430\u0434 21000\"\n\t\t\t><\/iframe>\n\t\t<\/div>\n\t\t\t\t\t\t<\/div>\n\t\t\t\t<\/div>\n\t\t\t\t\t<\/div>\n\t\t<\/div>\n\t\t\t\t\t<\/div>\n\t\t<\/section>\n\t\t\t\t<\/div>\n\t\t","protected":false},"excerpt":{"rendered":"<p>NA\u0160 RADIO 107.8 KONTAKT za sva va\u0161a pitanja i sugestije KONTAKTIRAJTE NAS Otvoreni smo za sva va\u0161a pitanja, sugestije i saradnju. Budite slobodni, kontaktirajte nas. Na\u0161 Radio 107,8 Studio:+38121 6211578 Marketing: +38163 537 000 Po\u0161aljite nam email: marketing@radiojugovic.rs Posetite nas: Bulevar Oslobo\u0111enja 11, Novi Sad Studio:+38121 6211578 Marketing: +38163 537 ...<\/p>\n","protected":false},"author":1,"featured_media":39,"parent":0,"menu_order":0,"comment_status":"closed","ping_status":"closed","template":"","meta":{"footnotes":""},"class_list":["post-6242","page","type-page","status-publish","has-post-thumbnail","hentry"],"yoast_head":"<!-- This site is optimized with the Yoast SEO plugin v26.7 - https:\/\/yoast.com\/wordpress\/plugins\/seo\/ -->\n<title>Kontakt - Na\u0161 radio MM 97.8<\/title>\n<meta name=\"robots\" content=\"index, follow, max-snippet:-1, max-image-preview:large, max-video-preview:-1\" \/>\n<link rel=\"canonical\" href=\"https:\/\/nasradiomm.com\/index.php\/kontakt\/\" \/>\n<meta property=\"og:locale\" content=\"en_US\" \/>\n<meta property=\"og:type\" content=\"article\" \/>\n<meta property=\"og:title\" content=\"Kontakt - Na\u0161 radio MM 97.8\" \/>\n<meta property=\"og:description\" content=\"NA\u0160 RADIO 107.8 KONTAKT za sva va\u0161a pitanja i sugestije KONTAKTIRAJTE NAS Otvoreni smo za sva va\u0161a pitanja, sugestije i saradnju. Budite slobodni, kontaktirajte nas. Na\u0161 Radio 107,8 Studio:+38121 6211578 Marketing: +38163 537 000 Po\u0161aljite nam email: marketing@radiojugovic.rs Posetite nas: Bulevar Oslobo\u0111enja 11, Novi Sad Studio:+38121 6211578 Marketing: +38163 537 [...]\" \/>\n<meta property=\"og:url\" content=\"https:\/\/nasradiomm.com\/index.php\/kontakt\/\" \/>\n<meta property=\"og:site_name\" content=\"Na\u0161 radio MM 97.8\" \/>\n<meta property=\"article:modified_time\" content=\"2023-12-23T21:17:17+00:00\" \/>\n<meta property=\"og:image\" content=\"https:\/\/nasradiomm.com\/wp-content\/uploads\/2023\/12\/NAS-RADIO-PLAY-1.png\" \/>\n\t<meta property=\"og:image:width\" content=\"1080\" \/>\n\t<meta property=\"og:image:height\" content=\"1080\" \/>\n\t<meta property=\"og:image:type\" content=\"image\/png\" \/>\n<meta name=\"twitter:card\" content=\"summary_large_image\" \/>\n<meta name=\"twitter:label1\" content=\"Est. reading time\" \/>\n\t<meta name=\"twitter:data1\" content=\"1 minute\" \/>\n<script type=\"application\/ld+json\" class=\"yoast-schema-graph\">{\"@context\":\"https:\/\/schema.org\",\"@graph\":[{\"@type\":\"WebPage\",\"@id\":\"https:\/\/nasradiomm.com\/index.php\/kontakt\/\",\"url\":\"https:\/\/nasradiomm.com\/index.php\/kontakt\/\",\"name\":\"Kontakt - Na\u0161 radio MM 97.8\",\"isPartOf\":{\"@id\":\"https:\/\/nasradiomm.com\/#website\"},\"primaryImageOfPage\":{\"@id\":\"https:\/\/nasradiomm.com\/index.php\/kontakt\/#primaryimage\"},\"image\":{\"@id\":\"https:\/\/nasradiomm.com\/index.php\/kontakt\/#primaryimage\"},\"thumbnailUrl\":\"https:\/\/nasradiomm.com\/wp-content\/uploads\/2023\/12\/NAS-RADIO-PLAY-1.png\",\"datePublished\":\"2023-12-23T02:53:05+00:00\",\"dateModified\":\"2023-12-23T21:17:17+00:00\",\"breadcrumb\":{\"@id\":\"https:\/\/nasradiomm.com\/index.php\/kontakt\/#breadcrumb\"},\"inLanguage\":\"en-US\",\"potentialAction\":[{\"@type\":\"ReadAction\",\"target\":[\"https:\/\/nasradiomm.com\/index.php\/kontakt\/\"]}]},{\"@type\":\"ImageObject\",\"inLanguage\":\"en-US\",\"@id\":\"https:\/\/nasradiomm.com\/index.php\/kontakt\/#primaryimage\",\"url\":\"https:\/\/nasradiomm.com\/wp-content\/uploads\/2023\/12\/NAS-RADIO-PLAY-1.png\",\"contentUrl\":\"https:\/\/nasradiomm.com\/wp-content\/uploads\/2023\/12\/NAS-RADIO-PLAY-1.png\",\"width\":1080,\"height\":1080},{\"@type\":\"BreadcrumbList\",\"@id\":\"https:\/\/nasradiomm.com\/index.php\/kontakt\/#breadcrumb\",\"itemListElement\":[{\"@type\":\"ListItem\",\"position\":1,\"name\":\"Home\",\"item\":\"https:\/\/nasradiomm.com\/\"},{\"@type\":\"ListItem\",\"position\":2,\"name\":\"Kontakt\"}]},{\"@type\":\"WebSite\",\"@id\":\"https:\/\/nasradiomm.com\/#website\",\"url\":\"https:\/\/nasradiomm.com\/\",\"name\":\"Na\u0161 radio MM 97.8\",\"description\":\"Na\u0161 radio MM 97.8\",\"publisher\":{\"@id\":\"https:\/\/nasradiomm.com\/#organization\"},\"potentialAction\":[{\"@type\":\"SearchAction\",\"target\":{\"@type\":\"EntryPoint\",\"urlTemplate\":\"https:\/\/nasradiomm.com\/?s={search_term_string}\"},\"query-input\":{\"@type\":\"PropertyValueSpecification\",\"valueRequired\":true,\"valueName\":\"search_term_string\"}}],\"inLanguage\":\"en-US\"},{\"@type\":\"Organization\",\"@id\":\"https:\/\/nasradiomm.com\/#organization\",\"name\":\"Na\u0161 radio MM 97.8\",\"url\":\"https:\/\/nasradiomm.com\/\",\"logo\":{\"@type\":\"ImageObject\",\"inLanguage\":\"en-US\",\"@id\":\"https:\/\/nasradiomm.com\/#\/schema\/logo\/image\/\",\"url\":\"https:\/\/nasradiomm.com\/wp-content\/uploads\/2023\/12\/cropped-logo-nas-radio-MM-png.png\",\"contentUrl\":\"https:\/\/nasradiomm.com\/wp-content\/uploads\/2023\/12\/cropped-logo-nas-radio-MM-png.png\",\"width\":512,\"height\":512,\"caption\":\"Na\u0161 radio MM 97.8\"},\"image\":{\"@id\":\"https:\/\/nasradiomm.com\/#\/schema\/logo\/image\/\"}}]}<\/script>\n<!-- \/ Yoast SEO plugin. -->","yoast_head_json":{"title":"Kontakt - Na\u0161 radio MM 97.8","robots":{"index":"index","follow":"follow","max-snippet":"max-snippet:-1","max-image-preview":"max-image-preview:large","max-video-preview":"max-video-preview:-1"},"canonical":"https:\/\/nasradiomm.com\/index.php\/kontakt\/","og_locale":"en_US","og_type":"article","og_title":"Kontakt - Na\u0161 radio MM 97.8","og_description":"NA\u0160 RADIO 107.8 KONTAKT za sva va\u0161a pitanja i sugestije KONTAKTIRAJTE NAS Otvoreni smo za sva va\u0161a pitanja, sugestije i saradnju. Budite slobodni, kontaktirajte nas. Na\u0161 Radio 107,8 Studio:+38121 6211578 Marketing: +38163 537 000 Po\u0161aljite nam email: marketing@radiojugovic.rs Posetite nas: Bulevar Oslobo\u0111enja 11, Novi Sad Studio:+38121 6211578 Marketing: +38163 537 [...]","og_url":"https:\/\/nasradiomm.com\/index.php\/kontakt\/","og_site_name":"Na\u0161 radio MM 97.8","article_modified_time":"2023-12-23T21:17:17+00:00","og_image":[{"width":1080,"height":1080,"url":"https:\/\/nasradiomm.com\/wp-content\/uploads\/2023\/12\/NAS-RADIO-PLAY-1.png","type":"image\/png"}],"twitter_card":"summary_large_image","twitter_misc":{"Est. reading time":"1 minute"},"schema":{"@context":"https:\/\/schema.org","@graph":[{"@type":"WebPage","@id":"https:\/\/nasradiomm.com\/index.php\/kontakt\/","url":"https:\/\/nasradiomm.com\/index.php\/kontakt\/","name":"Kontakt - Na\u0161 radio MM 97.8","isPartOf":{"@id":"https:\/\/nasradiomm.com\/#website"},"primaryImageOfPage":{"@id":"https:\/\/nasradiomm.com\/index.php\/kontakt\/#primaryimage"},"image":{"@id":"https:\/\/nasradiomm.com\/index.php\/kontakt\/#primaryimage"},"thumbnailUrl":"https:\/\/nasradiomm.com\/wp-content\/uploads\/2023\/12\/NAS-RADIO-PLAY-1.png","datePublished":"2023-12-23T02:53:05+00:00","dateModified":"2023-12-23T21:17:17+00:00","breadcrumb":{"@id":"https:\/\/nasradiomm.com\/index.php\/kontakt\/#breadcrumb"},"inLanguage":"en-US","potentialAction":[{"@type":"ReadAction","target":["https:\/\/nasradiomm.com\/index.php\/kontakt\/"]}]},{"@type":"ImageObject","inLanguage":"en-US","@id":"https:\/\/nasradiomm.com\/index.php\/kontakt\/#primaryimage","url":"https:\/\/nasradiomm.com\/wp-content\/uploads\/2023\/12\/NAS-RADIO-PLAY-1.png","contentUrl":"https:\/\/nasradiomm.com\/wp-content\/uploads\/2023\/12\/NAS-RADIO-PLAY-1.png","width":1080,"height":1080},{"@type":"BreadcrumbList","@id":"https:\/\/nasradiomm.com\/index.php\/kontakt\/#breadcrumb","itemListElement":[{"@type":"ListItem","position":1,"name":"Home","item":"https:\/\/nasradiomm.com\/"},{"@type":"ListItem","position":2,"name":"Kontakt"}]},{"@type":"WebSite","@id":"https:\/\/nasradiomm.com\/#website","url":"https:\/\/nasradiomm.com\/","name":"Na\u0161 radio MM 97.8","description":"Na\u0161 radio MM 97.8","publisher":{"@id":"https:\/\/nasradiomm.com\/#organization"},"potentialAction":[{"@type":"SearchAction","target":{"@type":"EntryPoint","urlTemplate":"https:\/\/nasradiomm.com\/?s={search_term_string}"},"query-input":{"@type":"PropertyValueSpecification","valueRequired":true,"valueName":"search_term_string"}}],"inLanguage":"en-US"},{"@type":"Organization","@id":"https:\/\/nasradiomm.com\/#organization","name":"Na\u0161 radio MM 97.8","url":"https:\/\/nasradiomm.com\/","logo":{"@type":"ImageObject","inLanguage":"en-US","@id":"https:\/\/nasradiomm.com\/#\/schema\/logo\/image\/","url":"https:\/\/nasradiomm.com\/wp-content\/uploads\/2023\/12\/cropped-logo-nas-radio-MM-png.png","contentUrl":"https:\/\/nasradiomm.com\/wp-content\/uploads\/2023\/12\/cropped-logo-nas-radio-MM-png.png","width":512,"height":512,"caption":"Na\u0161 radio MM 97.8"},"image":{"@id":"https:\/\/nasradiomm.com\/#\/schema\/logo\/image\/"}}]}},"_links":{"self":[{"href":"https:\/\/nasradiomm.com\/index.php\/wp-json\/wp\/v2\/pages\/6242","targetHints":{"allow":["GET"]}}],"collection":[{"href":"https:\/\/nasradiomm.com\/index.php\/wp-json\/wp\/v2\/pages"}],"about":[{"href":"https:\/\/nasradiomm.com\/index.php\/wp-json\/wp\/v2\/types\/page"}],"author":[{"embeddable":true,"href":"https:\/\/nasradiomm.com\/index.php\/wp-json\/wp\/v2\/users\/1"}],"replies":[{"embeddable":true,"href":"https:\/\/nasradiomm.com\/index.php\/wp-json\/wp\/v2\/comments?post=6242"}],"version-history":[{"count":39,"href":"https:\/\/nasradiomm.com\/index.php\/wp-json\/wp\/v2\/pages\/6242\/revisions"}],"predecessor-version":[{"id":6391,"href":"https:\/\/nasradiomm.com\/index.php\/wp-json\/wp\/v2\/pages\/6242\/revisions\/6391"}],"wp:featuredmedia":[{"embeddable":true,"href":"https:\/\/nasradiomm.com\/index.php\/wp-json\/wp\/v2\/media\/39"}],"wp:attachment":[{"href":"https:\/\/nasradiomm.com\/index.php\/wp-json\/wp\/v2\/media?parent=6242"}],"curies":[{"name":"wp","href":"https:\/\/api.w.org\/{rel}","templated":true}]}}